{"id":8874,"date":"2025-01-03T14:51:15","date_gmt":"2025-01-03T20:51:15","guid":{"rendered":"https:\/\/webadedios.com\/blog\/?page_id=8874"},"modified":"2025-02-03T20:55:07","modified_gmt":"2025-02-04T02:55:07","slug":"libros-2025","status":"publish","type":"page","link":"https:\/\/webadedios.com\/blog\/libros-2025\/","title":{"rendered":"Libros 2025"},"content":{"rendered":"<p>El a\u00f1o pasado (<a href=\"https:\/\/webadedios.com\/blog\/2024\/libros-lecturas\/libros-a-leer-durante-el-2024\/\">2024<\/a>) le\u00ed solamente 17 libros, pero escuche muchos audiolibros<\/p>\n<p>Esta es Mi lista de libros a leer durante todo el 2025 En los comentarios de <a href=\"https:\/\/webadedios.com\/blog\/2022\/general\/recomiendame-un-libro-2022\/\">https:\/\/webadedios.com\/blog\/2022\/general\/recomiendame-un-libro-2022\/<\/a> se pueden dejar mas recomendaciones<\/p>\n<p>&nbsp;<\/p>\n<div class=\"row\">\n<table class=\"table table-striped\" style=\"width: 100%; height: 4639px;\">\n<thead>\n<tr style=\"height: 24px;\">\n<th style=\"height: 24px;\">No.<\/th>\n<th style=\"height: 24px;\">Nombre del Libro<\/th>\n<th style=\"height: 24px;\">Autor<\/th>\n<th style=\"height: 24px;\">Portada<\/th>\n<\/tr>\n<\/thead>\n<tbody>\n<tr style=\"height: 186px;\">\n<td style=\"height: 186px;\">01<\/td>\n<td style=\"height: 186px;\">El inversor inteligente<\/td>\n<td style=\"height: 186px;\">Graham, Benjam\u00edn<\/td>\n<td style=\"height: 186px;\"><img decoding=\"async\" src=\"https:\/\/img.webadedios.com\/portadas\/elinvinteligente_p.jpg\" alt=\"El inversor inteligente\" \/><\/td>\n<\/tr>\n<tr style=\"height: 186px;\">\n<td style=\"height: 186px;\">02<\/td>\n<td style=\"height: 186px;\">Superar la Tormenta Vivir sin miedo ni ansiedad las crisis. Aprende a ser tu propio der y alcanzar tu \u00e9xito. Descubre tu.<\/td>\n<td style=\"height: 186px;\">Montoya<\/td>\n<td style=\"height: 186px;\"><img decoding=\"async\" src=\"https:\/\/img.webadedios.com\/portadas\/superarlatormenta_p.jpg\" alt=\"Superar la Tormenta\" \/><\/td>\n<\/tr>\n<tr style=\"height: 172px;\">\n<td style=\"height: 172px;\">03<\/td>\n<td style=\"height: 172px;\">N\u00e9mesis<\/td>\n<td style=\"height: 172px;\">Asimov<\/td>\n<td style=\"height: 172px;\"><img decoding=\"async\" src=\"https:\/\/img.webadedios.com\/portadas\/nemesis_-_isaac_asimov.jpg\" alt=\"Neesis\" \/><\/td>\n<\/tr>\n<tr style=\"height: 24px;\">\n<td style=\"height: 24px;\">04<\/td>\n<td style=\"height: 24px;\">Sapiens. De animales a dioses<\/td>\n<td style=\"height: 24px;\">Yuval Noah Harari<\/td>\n<td style=\"height: 24px;\"><\/td>\n<\/tr>\n<tr style=\"height: 24px;\">\n<td style=\"height: 24px;\">05<\/td>\n<td style=\"height: 24px;\">Filosof\u00eda en 11 frases<\/td>\n<td style=\"height: 24px;\">Dar\u00edo Sztajnszrajber<\/td>\n<td style=\"height: 24px;\"><\/td>\n<\/tr>\n<tr style=\"height: 160px;\">\n<td style=\"height: 160px;\">06<\/td>\n<td style=\"height: 160px;\">Muchas vidas, muchos maestros<\/td>\n<td style=\"height: 160px;\">Brian Weiss<\/td>\n<td style=\"height: 160px;\"><img decoding=\"async\" src=\"https:\/\/img.webadedios.com\/portadas\/muchas_vidas_muchos_maestros_-_brian_weiss.jpg\" alt=\"uchas vidas meastros\" \/><\/td>\n<\/tr>\n<tr style=\"height: 147px;\">\n<td style=\"height: 147px;\">07<\/td>\n<td style=\"height: 147px;\">De profundis y otros escritos de la c\u00e1rcel<\/td>\n<td style=\"height: 147px;\">Oscar Wilde<\/td>\n<td style=\"height: 147px;\"><img decoding=\"async\" src=\"https:\/\/img.webadedios.com\/portadas\/de_profundis_-_oscar_wilde.jpg\" alt=\"de profundis\" \/><\/td>\n<\/tr>\n<tr style=\"height: 158px;\">\n<td style=\"height: 158px;\">08<\/td>\n<td style=\"height: 158px;\">Napole\u00f3n Bonaparte &#8211; Una biograf\u00eda \u00edntima<\/td>\n<td style=\"height: 158px;\">Emil Ludwig<\/td>\n<td style=\"height: 158px;\"><img decoding=\"async\" src=\"https:\/\/img.webadedios.com\/portadas\/napoleon_-_emil_ludwig.jpg\" alt=\"napoleon\" \/><\/td>\n<\/tr>\n<tr style=\"height: 160px;\">\n<td style=\"height: 160px;\">09<\/td>\n<td style=\"height: 160px;\">El Secreto Egipcio de Napole\u00f3n<\/td>\n<td style=\"height: 160px;\">Javier Sierra<\/td>\n<td style=\"height: 160px;\"><img decoding=\"async\" src=\"https:\/\/img.webadedios.com\/portadas\/el_secreto_egipcio_de_napoleon_-_javier_sierra.jpg\" alt=\"secreto egipcio\" \/><\/td>\n<\/tr>\n<tr style=\"height: 159px;\">\n<td style=\"height: 159px;\">10<\/td>\n<td style=\"height: 159px;\">Piensa como un emperador romano<\/td>\n<td style=\"height: 159px;\">Donald Roberson<\/td>\n<td style=\"height: 159px;\"><img decoding=\"async\" src=\"https:\/\/img.webadedios.com\/portadas\/piensa_como_un_emperador_romano_-_donald_robertson.jpg\" alt=\"piensa como emperador romano\" \/><\/td>\n<\/tr>\n<tr style=\"height: 150px;\">\n<td style=\"height: 150px;\">11<\/td>\n<td style=\"height: 150px;\">El peque\u00f1o libro de la inversi\u00f3n en valor. Averigua cu\u00e1l es la estrategia de los grandes inversores<\/td>\n<td style=\"height: 150px;\">Christopher H. Browne<\/td>\n<td style=\"height: 150px;\"><img decoding=\"async\" src=\"https:\/\/img.webadedios.com\/portadas\/the_little_book_of_value_investing_-_christopher_h_browne.jpg\" alt=\"inversion de valor\" \/><\/td>\n<\/tr>\n<tr style=\"height: 161px;\">\n<td style=\"height: 161px;\">12<\/td>\n<td style=\"height: 161px;\">Invertir como nunca te han contado<\/td>\n<td style=\"height: 161px;\">Mart\u00edn Huete<\/td>\n<td style=\"height: 161px;\"><img decoding=\"async\" src=\"https:\/\/img.webadedios.com\/portadas\/invertir_como_nunca_te_han_contado_-_martin_huete_gomez.jpg\" alt=\"Invertir\" \/><\/td>\n<\/tr>\n<tr style=\"height: 163px;\">\n<td style=\"height: 163px;\">13<\/td>\n<td style=\"height: 163px;\">Finanzas para emprendedores<\/td>\n<td style=\"height: 163px;\">Jos\u00e9 Luis Ruiz<\/td>\n<td style=\"height: 163px;\"><img decoding=\"async\" src=\"https:\/\/img.webadedios.com\/portadas\/finanzas_para_emprendedores_-_antonio_manzanera_escribano.jpg\" alt=\"Finnzas para emprendedores\" \/><\/td>\n<\/tr>\n<tr style=\"height: 149px;\">\n<td style=\"height: 149px;\">14<\/td>\n<td style=\"height: 149px;\">Cultura Toyota Kata. C\u00f3mo desarrollar la capacidad y la mentalidad de su organizaci\u00f3n a trav\u00e9s de la Kata de Coaching<\/td>\n<td style=\"height: 149px;\">Mike Rother<\/td>\n<td style=\"height: 149px;\"><img decoding=\"async\" src=\"https:\/\/img.webadedios.com\/portadas\/cultura_toyota_kata_-_mike_rother_gerardo_aulinger.jpg\" alt=\"Cultura Toyota\" \/><\/td>\n<\/tr>\n<tr style=\"height: 170px;\">\n<td style=\"height: 170px;\">15<\/td>\n<td style=\"height: 170px;\">El economista callejero<\/td>\n<td style=\"height: 170px;\">Alberto Acosta<\/td>\n<td style=\"height: 170px;\"><img decoding=\"async\" src=\"https:\/\/img.webadedios.com\/portadas\/el_economista_callejero_-_axel_kaiser.jpg\" alt=\"Econoista callejero\" \/><\/td>\n<\/tr>\n<tr style=\"height: 165px;\">\n<td style=\"height: 165px;\">16<\/td>\n<td style=\"height: 165px;\">Las cinco disfunciones de un equipo (Narrativa empresarial)<\/td>\n<td style=\"height: 165px;\">Patrick Lencioni<\/td>\n<td style=\"height: 165px;\"><img decoding=\"async\" src=\"https:\/\/img.webadedios.com\/portadas\/las_cinco_disfunciones_de_un_equipo_-_patrick_lencioni.jpg\" alt=\"5 disfunciones\" \/><\/td>\n<\/tr>\n<tr style=\"height: 165px;\">\n<td style=\"height: 165px;\">17<\/td>\n<td style=\"height: 165px;\">Metas efectivas. Proceso guiado de coaching para planificar y alcanzar metas<\/td>\n<td style=\"height: 165px;\">Brian Tracy<\/td>\n<td style=\"height: 165px;\"><img decoding=\"async\" src=\"https:\/\/img.webadedios.com\/portadas\/metas_-_brian_tracy.jpg\" alt=\"etas\" \/><\/td>\n<\/tr>\n<tr style=\"height: 162px;\">\n<td style=\"height: 162px;\">18<\/td>\n<td style=\"height: 162px;\">C\u00f3mo Hacerse Rico sin preocupaciones<\/td>\n<td style=\"height: 162px;\">Brian Tracy<\/td>\n<td style=\"height: 162px;\"><img decoding=\"async\" src=\"https:\/\/img.webadedios.com\/portadas\/como_hacerse_rico_sin_preocupaciones_get_rich_worryfree_-_napoleon_hill.jpg\" alt=\"hacerse rico\" \/><\/td>\n<\/tr>\n<tr style=\"height: 154px;\">\n<td style=\"height: 154px;\">19<\/td>\n<td style=\"height: 154px;\">El nuevo manager al minuto (One Minute Manager)<\/td>\n<td style=\"height: 154px;\">Kenneth Blanchard<\/td>\n<td style=\"height: 154px;\"><img decoding=\"async\" src=\"https:\/\/img.webadedios.com\/portadas\/nuevo_manager_al_minuto_-_ken_blanchard_spencer_johnson_md.jpg\" alt=\"&quot;manager\" \/><\/td>\n<\/tr>\n<tr style=\"height: 162px;\">\n<td style=\"height: 162px;\">20<\/td>\n<td style=\"height: 162px;\">El Elemento<\/td>\n<td style=\"height: 162px;\">Ken Robinson &amp; Lou Aronica<\/td>\n<td style=\"height: 162px;\"><img decoding=\"async\" src=\"https:\/\/img.webadedios.com\/portadas\/el_elemento_-_ken_robinson.jpg\" alt=\"El leento\" \/><\/td>\n<\/tr>\n<tr style=\"height: 150px;\">\n<td style=\"height: 150px;\">21<\/td>\n<td style=\"height: 150px;\">Ocho<\/td>\n<td style=\"height: 150px;\">Rebeca Stones<\/td>\n<td style=\"height: 150px;\"><img decoding=\"async\" src=\"https:\/\/img.webadedios.com\/portadas\/ocho_-_rebeca_stones.jpg\" alt=\"Ocho\" \/><\/td>\n<\/tr>\n<tr style=\"height: 167px;\">\n<td style=\"height: 167px;\">22<\/td>\n<td style=\"height: 167px;\">Diario de un seductor<\/td>\n<td style=\"height: 167px;\">S\u00f8ren Kierkegaard<\/td>\n<td style=\"height: 167px;\"><img decoding=\"async\" src=\"https:\/\/img.webadedios.com\/portadas\/diario_de_un_seductor_-_soren_kierkegaard.jpg\" alt=\"diario de un seductor\" \/><\/td>\n<\/tr>\n<tr style=\"height: 187px;\">\n<td style=\"height: 187px;\">23<\/td>\n<td style=\"height: 187px;\">Los perros duros no bailan<\/td>\n<td style=\"height: 187px;\">Arturo P\u00e9rez-Reverte<\/td>\n<td style=\"height: 187px;\"><img decoding=\"async\" src=\"https:\/\/img.webadedios.com\/portadas\/los_perros_duros_no_bailan_-_arturo_perez-reverte.jpg\" alt=\"perros duros no bailan\" \/><\/td>\n<\/tr>\n<tr style=\"height: 24px;\">\n<td style=\"height: 24px;\">24<\/td>\n<td style=\"height: 24px;\">Melmoth el errabundo<\/td>\n<td style=\"height: 24px;\">Charles Maturin<\/td>\n<td style=\"height: 24px;\"><\/td>\n<\/tr>\n<tr style=\"height: 157px;\">\n<td style=\"height: 157px;\">25<\/td>\n<td style=\"height: 157px;\">La vida por el f\u00fatbol<\/td>\n<td style=\"height: 157px;\">Roman Iucht<\/td>\n<td style=\"height: 157px;\"><img decoding=\"async\" src=\"https:\/\/img.webadedios.com\/portadas\/la_vida_por_el_futbol_-_roman_iucht.jpg\" alt=\"La vida por el futbol\" \/><\/td>\n<\/tr>\n<tr style=\"height: 152px;\">\n<td style=\"height: 152px;\">26<\/td>\n<td style=\"height: 152px;\">F\u00fatbol fen\u00f3meno de fen\u00f3menos (LEO)<\/td>\n<td style=\"height: 152px;\">Francisco Alcaide<\/td>\n<td style=\"height: 152px;\"><img decoding=\"async\" src=\"https:\/\/img.webadedios.com\/portadas\/futbol_fenomeno_de_fenomenos_-_francisco_alcaide.jpg\" alt=\"futbol fenomeno\" \/><\/td>\n<\/tr>\n<tr style=\"height: 161px;\">\n<td style=\"height: 161px;\">27<\/td>\n<td style=\"height: 161px;\">Principios<\/td>\n<td style=\"height: 161px;\">Ray Dalio<\/td>\n<td style=\"height: 161px;\"><img decoding=\"async\" src=\"https:\/\/img.webadedios.com\/portadas\/principios_-_ray_dalio.jpg\" alt=\"Principios\" \/><\/td>\n<\/tr>\n<tr style=\"height: 159px;\">\n<td style=\"height: 159px;\">28<\/td>\n<td style=\"height: 159px;\">Principios para enfrentarse al nuevo orden mundial<\/td>\n<td style=\"height: 159px;\">Ray Dalio<\/td>\n<td style=\"height: 159px;\"><img decoding=\"async\" src=\"https:\/\/img.webadedios.com\/portadas\/principios_para_enfrentarse_al_nuevo_orden_mundial_-_ray_dalio.jpg\" alt=\"principios orden mundial\" \/><\/td>\n<\/tr>\n<tr style=\"height: 162px;\">\n<td style=\"height: 162px;\">29<\/td>\n<td style=\"height: 162px;\">Burlar al diablo. Secretos desde la cripta<\/td>\n<td style=\"height: 162px;\">Napoleon Hill<\/td>\n<td style=\"height: 162px;\"><img decoding=\"async\" src=\"https:\/\/img.webadedios.com\/portadas\/burlar_al_diablo_-_napoleon_hill.jpg\" alt=\"burlar al diablo\" \/><\/td>\n<\/tr>\n<tr style=\"height: 161px;\">\n<td style=\"height: 161px;\">30<\/td>\n<td style=\"height: 161px;\">El m\u00e9todo PORTE. Imagen f\u00edsica en 5 sencillos pasos<\/td>\n<td style=\"height: 161px;\">\u00c1lvaro Gordoa<\/td>\n<td style=\"height: 161px;\"><img decoding=\"async\" src=\"https:\/\/img.webadedios.com\/portadas\/el_metodo_porte_-_alvaro_gordoa.jpg\" alt=\"metdo porte\" \/><\/td>\n<\/tr>\n<tr style=\"height: 158px;\">\n<td style=\"height: 158px;\">31<\/td>\n<td style=\"height: 158px;\">Naturaleza de una obsesi\u00f3n<\/td>\n<td style=\"height: 158px;\">Martina Bennet<\/td>\n<td style=\"height: 158px;\"><img decoding=\"async\" src=\"https:\/\/img.webadedios.com\/portadas\/naturaleza_de_una_obsesion_-_martina_bennet.jpg\" alt=\"naturaleza\" \/><\/td>\n<\/tr>\n<\/tbody>\n<\/table>\n<\/div>\n<!--CusAds0-->\n<div style=\"font-size: 0px; height: 0px; line-height: 0px; margin: 0; padding: 0; clear: both;\"><\/div>","protected":false},"excerpt":{"rendered":"<p>El a\u00f1o pasado (2024) le\u00ed solamente 17 libros, pero escuche muchos audiolibros Esta es Mi lista de libros a leer durante todo el 2025 En los comentarios de https:\/\/webadedios.com\/blog\/2022\/general\/recomiendame-un-libro-2022\/ se pueden dejar mas recomendaciones &nbsp; No. Nombre del Libro Autor Portada 01 El inversor inteligente Graham, Benjam\u00edn 02 Superar la Tormenta Vivir sin miedo ni [&hellip;]<\/p>\n","protected":false},"author":1,"featured_media":0,"parent":0,"menu_order":0,"comment_status":"closed","ping_status":"closed","template":"","meta":{"footnotes":""},"class_list":["post-8874","page","type-page","status-publish","hentry"],"_links":{"self":[{"href":"https:\/\/webadedios.com\/blog\/wp-json\/wp\/v2\/pages\/8874","targetHints":{"allow":["GET"]}}],"collection":[{"href":"https:\/\/webadedios.com\/blog\/wp-json\/wp\/v2\/pages"}],"about":[{"href":"https:\/\/webadedios.com\/blog\/wp-json\/wp\/v2\/types\/page"}],"author":[{"embeddable":true,"href":"https:\/\/webadedios.com\/blog\/wp-json\/wp\/v2\/users\/1"}],"replies":[{"embeddable":true,"href":"https:\/\/webadedios.com\/blog\/wp-json\/wp\/v2\/comments?post=8874"}],"version-history":[{"count":0,"href":"https:\/\/webadedios.com\/blog\/wp-json\/wp\/v2\/pages\/8874\/revisions"}],"wp:attachment":[{"href":"https:\/\/webadedios.com\/blog\/wp-json\/wp\/v2\/media?parent=8874"}],"curies":[{"name":"wp","href":"https:\/\/api.w.org\/{rel}","templated":true}]}}