{"id":8587,"date":"2020-06-04T12:58:33","date_gmt":"2020-06-04T17:58:33","guid":{"rendered":"http:\/\/webadedios.com\/blog\/?page_id=8587"},"modified":"2021-03-01T14:43:14","modified_gmt":"2021-03-01T20:43:14","slug":"libros-2020","status":"publish","type":"page","link":"https:\/\/webadedios.com\/blog\/libros-2020\/","title":{"rendered":"Libros 2020"},"content":{"rendered":"<p>Mi lista de libros a leer durante el 2020 En los comentarios de <a href=\"http:\/\/webadedios.com\/blog\/2020\/libros-lecturas\/recomiendame-un-libro-2020\/\">http:\/\/webadedios.com\/blog\/2020\/libros-lecturas\/recomiendame-un-libro-2020\/ <\/a>se pueden dejar mas recomendaciones<\/p>\n<p><strong>editado:<\/strong> al fin del 2020, realmente le\u00ed muy pocos libros, me dedique mas a tomar cursos en linea en esta \u00e9poca de pandemia, y no cuento los libros de texto como lecturas, es por ello que mi amplia lista al final fue mas reducida 18 fueron los libros de mi lista que le\u00ed en este a\u00f1o, el resto pasa a la <a href=\"https:\/\/webadedios.com\/blog\/libros-2021\/\">lista de libros a leer en el 2021<\/a><\/p>\n<div class=\"row\">\n<table class=\"table table-striped\">\n<tbody>\n<tr>\n<td>#<\/td>\n<td>Libro<\/td>\n<td>Portada<\/td>\n<\/tr>\n<tr>\n<td>01<\/td>\n<td>Dinero: domina el juego: C\u00f3mo alcanzar la libertad financiera en<br \/>\n7 pasos &#8211; Anthony (Tony) Robbins<\/td>\n<td><img decoding=\"async\" src=\"http:\/\/img.webadedios.com\/dindomjuego.jpg\" alt=\"dinero domina\" \/><\/td>\n<\/tr>\n<tr>\n<td>02<\/td>\n<td>El C\u00f3digo Del Dinero: Conquista tu libertad financiera &#8211; Raimon<br \/>\nSamso<\/td>\n<td><img decoding=\"async\" src=\"http:\/\/img.webadedios.com\/coddinero.jpg\" alt=\"C\u00f3digo dinero\" \/><\/td>\n<\/tr>\n<tr>\n<td>03<\/td>\n<td style=\"height: 19px;\">Tierra Bald\u00eda &#8211; T. S. Elliot<\/td>\n<td><img decoding=\"async\" src=\"http:\/\/img.webadedios.com\/tierrabaldia.jpg\" alt=\"Tierra baldia\" \/><\/td>\n<\/tr>\n<tr>\n<td>04<\/td>\n<td>Recuerda que vas a morir. Vive &#8211; Paul Kalanithi<\/td>\n<td><img decoding=\"async\" src=\"http:\/\/img.webadedios.com\/viverecmor.jpg\" alt=\"vive\" \/><\/td>\n<\/tr>\n<tr>\n<td>05<\/td>\n<td>Mente zen, mente de principiante &#8211; Shunryu Suzuki<\/td>\n<td><img decoding=\"async\" src=\"http:\/\/img.webadedios.com\/mente-zen-mente-de-principiante.jpg\" alt=\"mente zen\" \/><\/td>\n<\/tr>\n<tr>\n<td>06<\/td>\n<td>La b\u00fasqueda del Ki &#8211; Kenji Tokitsu<\/td>\n<td><img decoding=\"async\" src=\"http:\/\/img.webadedios.com\/busqKi.jpg\" alt=\"Ki\" \/><\/td>\n<\/tr>\n<tr>\n<td>07<\/td>\n<td>Aprende a pensar por ti mismo &#8211; Edward De Bono<\/td>\n<td><img decoding=\"async\" src=\"http:\/\/img.webadedios.com\/aprender-a-pensar-por-ti-mismo.jpg\" alt=\"pensar\" \/><\/td>\n<\/tr>\n<tr>\n<td>08<\/td>\n<td>Momo &#8211; Ende<\/td>\n<td><img decoding=\"async\" src=\"http:\/\/img.webadedios.com\/momoende.jpg\" alt=\"Momo\" \/><\/td>\n<\/tr>\n<tr>\n<td>09<\/td>\n<td>La noche en que Frankenstein ley\u00f3 el Quijote &#8211; Santiago<br \/>\nPosteguillo<\/td>\n<td><img decoding=\"async\" src=\"http:\/\/img.webadedios.com\/nochefrankuleyquij.jpg\" alt=\"noche\" \/><\/td>\n<\/tr>\n<tr>\n<td>10<\/td>\n<td>Historia del dinero &#8211; Alan Pauls<\/td>\n<td><img decoding=\"async\" src=\"http:\/\/img.webadedios.com\/histdinero.jpg\" alt=\"hist dinero\" \/><\/td>\n<\/tr>\n<tr>\n<td>11<\/td>\n<td>El Libro Negro del Emprendedor &#8211; Fernando Trias De Bes<\/td>\n<td><img decoding=\"async\" src=\"http:\/\/img.webadedios.com\/libronegroemp.jpg\" alt=\"libro negro del emprendedor\" \/><\/td>\n<\/tr>\n<tr>\n<td>12<\/td>\n<td>Los secretos de la mente millonaria &#8211; T. Harv Eker<\/td>\n<td><img decoding=\"async\" src=\"http:\/\/img.webadedios.com\/secretmentemill.jpg\" alt=\"secretos mente millonaria\" \/><\/td>\n<\/tr>\n<tr>\n<td>13<\/td>\n<td>Brev\u00edsima historia del tiempo &#8211; Stephen Hawking &amp; Leonard<br \/>\nMlodinow<\/td>\n<td><img decoding=\"async\" src=\"http:\/\/img.webadedios.com\/brevhisttiempo.jpg\" alt=\"Brev\u00edsima historia del tiempo\" \/><\/td>\n<\/tr>\n<tr>\n<td>14<\/td>\n<td>El camino del Zen &#8211; Alan Watts<\/p>\n<ul>\n<li><a href=\"https:\/\/amzn.to\/34XBCaX\" target=\"_blank\" rel=\"noopener noreferrer nofolloow\">Comprar<\/a>\n<\/li>\n<\/ul>\n<\/td>\n<td><img loading=\"lazy\" decoding=\"async\" class=\"alignnone\" src=\"http:\/\/img.webadedios.com\/camninozen.jpg\" alt=\"camino zen\" width=\"100\" height=\"166\" \/><\/td>\n<\/tr>\n<tr>\n<td>15<\/td>\n<td>El arte de no amargarse la vida &#8211; Rafael Santandreu<\/td>\n<td><img decoding=\"async\" src=\"http:\/\/img.webadedios.com\/artenoamarglavida.jpg\" alt=\"El arte de no amargarse la vida\" \/><\/td>\n<\/tr>\n<tr>\n<td>16<\/td>\n<td>El liberalismo no es pecado: La econom\u00eda en cinco lecciones &#8211;<br \/>\nJuan Ram\u00f3n Rallo Juli\u00e1n &amp; Carlos Rodr\u00edguez Braun<\/td>\n<td><img decoding=\"async\" src=\"http:\/\/img.webadedios.com\/libnopecado.jpg\" alt=\"Elliberlismo no es pecado\" \/><\/td>\n<\/tr>\n<tr>\n<td>17<\/td>\n<td>Operaci\u00f3n Masacre &#8211; Rodolfo Walsh<\/td>\n<td><img decoding=\"async\" src=\"http:\/\/img.webadedios.com\/opermasacr.jpg\" alt=\"Opraci\u00f3n masacre\" \/><\/td>\n<\/tr>\n<tr>\n<td>18<\/td>\n<td>Cinco ecuaciones que cambiaron el mundo &#8211; Michael Guillen<\/td>\n<td><img decoding=\"async\" src=\"http:\/\/img.webadedios.com\/5eccambundo.jpg\" alt=\"conco operaciones que cambiaron al mundo\" \/><\/td>\n<\/tr>\n<tr>\n<td><\/td>\n<td>fin de libros leidos en el 2020, los siguientes<br \/>\ncontinuar\u00e1n en la <a href=\"https:\/\/webadedios.com\/blog\/libros-2021\/\">lista de libros a leer en el 2021<\/a><\/td>\n<td>&#8212;-<\/td>\n<\/tr>\n<tr>\n<td><\/td>\n<td>La bella del drag\u00f3n &#8211; \u00c1lvaro Cunqueiro<\/td>\n<td><img decoding=\"async\" src=\"http:\/\/img.webadedios.com\/belladldragn.jpg\" alt=\"La Bella y el Drag\u00f3n\" \/><\/td>\n<\/tr>\n<tr>\n<td><\/td>\n<td>La historia de tu vida &#8211; Ted Chiang<\/td>\n<td><img decoding=\"async\" src=\"http:\/\/img.webadedios.com\/histdtvida.jpg\" alt=\"Historia de tu vida\" \/><\/td>\n<\/tr>\n<tr>\n<td><\/td>\n<td>El caballero de los Siete Reinos &#8211; George R. R. Martin<\/td>\n<td><img decoding=\"async\" src=\"http:\/\/img.webadedios.com\/caba7reynos.jpg\" alt=\"El caballero de los 7 reinos\" \/><\/td>\n<\/tr>\n<tr>\n<td><\/td>\n<td>La aventura de los conquistadores &#8211; Juan Antonio Cebri\u00e1n<\/td>\n<td><img decoding=\"async\" src=\"http:\/\/img.webadedios.com\/avconquistadors.jpg\" alt=\"La aventura de los coqnquistadores\" \/><\/td>\n<\/tr>\n<tr>\n<td><\/td>\n<td>La pesca de salm\u00f3n en Yemen &#8211; Paul Torday<\/td>\n<td><img decoding=\"async\" src=\"http:\/\/img.webadedios.com\/pescayemen.jpg\" alt=\"La pesca de Salm\u00f3n en Yem\u00e9n\" \/><\/td>\n<\/tr>\n<tr>\n<td><\/td>\n<td>La maravillosa vida breve de \u00d3scar Wao &#8211; Junot D\u00edaz<\/td>\n<td><img decoding=\"async\" src=\"http:\/\/img.webadedios.com\/marvidaowao.jpg\" alt=\"La maavillosa vida breve de \u00d3scar Wao\" \/><\/td>\n<\/tr>\n<tr>\n<td><\/td>\n<td>Tierra desacostumbrada &#8211; Jhumpa Lahiri<\/td>\n<td><img decoding=\"async\" src=\"http:\/\/img.webadedios.com\/tierradesacost.jpg\" alt=\"Tierra desacostumbrada\" \/><\/td>\n<\/tr>\n<tr>\n<td><\/td>\n<td>\u00a1Crear o morir! &#8211; Andr\u00e9s Oppenheimer<\/td>\n<td><img decoding=\"async\" src=\"http:\/\/img.webadedios.com\/crearomorir.jpg\" alt=\"Crear o morir\" \/><\/td>\n<\/tr>\n<tr>\n<td><\/td>\n<td>Peque\u00f1o cerdo capitalista: Inversiones para hippies, yu&#8230; &#8211;<br \/>\nSof\u00eda Mac\u00edas<\/td>\n<td><img decoding=\"async\" src=\"http:\/\/img.webadedios.com\/pqcerdoinver.jpg\" alt=\"Peq cerdo capitalista Inversiones\" \/><\/td>\n<\/tr>\n<tr>\n<td><\/td>\n<td>Poder y mercado &#8211; Murray Newton Rothbard<\/td>\n<td><img decoding=\"async\" src=\"http:\/\/img.webadedios.com\/podrymkdo.jpg\" alt=\"poder y mercado\" \/><\/td>\n<\/tr>\n<tr>\n<td><\/td>\n<td style=\"height: 19px;\">Un paso por delante de Wall Street &#8211; Peter<br \/>\nLynch<\/td>\n<td><img decoding=\"async\" src=\"http:\/\/img.webadedios.com\/1pasodelatewllst.jpg\" alt=\"Un paso adelante de wall street\" \/><\/td>\n<\/tr>\n<tr>\n<td><\/td>\n<td>La canci\u00f3n de Salom\u00f3n &#8211; Toni Morrison<\/td>\n<td><img decoding=\"async\" src=\"http:\/\/img.webadedios.com\/cancionsalomn.jpg\" alt=\"La Canci\u00f3n de Slom\u00f3n\" \/><\/td>\n<\/tr>\n<tr>\n<td><\/td>\n<td>En el coraz\u00f3n del mar &#8211; Nathaniel Philbrick<\/td>\n<td><img decoding=\"async\" src=\"http:\/\/img.webadedios.com\/nlcorazondlmar.jpg\" alt=\"En el coraz\u00f3n del mar\" \/><\/td>\n<\/tr>\n<tr>\n<td><\/td>\n<td>Un hombre enamorado &#8211; Karl Ove Knausg\u00e5rd<\/td>\n<td><img decoding=\"async\" src=\"http:\/\/img.webadedios.com\/1manenamorado.jpg\" alt=\"Un hombre enamorado\" \/><\/td>\n<\/tr>\n<\/tbody>\n<\/table>\n<\/div>\n<p>M\u00e9xico Bizarro &#8211; Alejandro Rosas y Julio Pat\u00e1n <strong>Leyendo fuera de<br \/>\norden &#8212;&gt; cuando no tengo a la mano mis otras lecturas<\/strong><img decoding=\"async\" class=\"alignnone size-medium\" src=\"http:\/\/img.webadedios.com\/mxbizarr.jpg\" \/><\/p>\n<!--CusAds0-->\n<div style=\"font-size: 0px; height: 0px; line-height: 0px; margin: 0; padding: 0; clear: both;\"><\/div>","protected":false},"excerpt":{"rendered":"<p>Mi lista de libros a leer durante el 2020 En los comentarios de http:\/\/webadedios.com\/blog\/2020\/libros-lecturas\/recomiendame-un-libro-2020\/ se pueden dejar mas recomendaciones editado: al fin del 2020, realmente le\u00ed muy pocos libros, me dedique mas a tomar cursos en linea en esta \u00e9poca de pandemia, y no cuento los libros de texto como lecturas, es por ello que [&hellip;]<\/p>\n","protected":false},"author":1,"featured_media":0,"parent":0,"menu_order":0,"comment_status":"closed","ping_status":"closed","template":"","meta":{"footnotes":""},"class_list":["post-8587","page","type-page","status-publish","hentry"],"_links":{"self":[{"href":"https:\/\/webadedios.com\/blog\/wp-json\/wp\/v2\/pages\/8587","targetHints":{"allow":["GET"]}}],"collection":[{"href":"https:\/\/webadedios.com\/blog\/wp-json\/wp\/v2\/pages"}],"about":[{"href":"https:\/\/webadedios.com\/blog\/wp-json\/wp\/v2\/types\/page"}],"author":[{"embeddable":true,"href":"https:\/\/webadedios.com\/blog\/wp-json\/wp\/v2\/users\/1"}],"replies":[{"embeddable":true,"href":"https:\/\/webadedios.com\/blog\/wp-json\/wp\/v2\/comments?post=8587"}],"version-history":[{"count":0,"href":"https:\/\/webadedios.com\/blog\/wp-json\/wp\/v2\/pages\/8587\/revisions"}],"wp:attachment":[{"href":"https:\/\/webadedios.com\/blog\/wp-json\/wp\/v2\/media?parent=8587"}],"curies":[{"name":"wp","href":"https:\/\/api.w.org\/{rel}","templated":true}]}}